umber?
False
Is 65581301 composite?
False
Is 2760414803 a composite number?
False
Is 4000729609 a prime number?
False
Is 4845125591 prime?
True
Is 149811095227 a composite number?
False
Is 224618001 composite?
True
Is 757330883 a composite number?
False
Is 9085475171 composite?
True
Is 2317548289 prime?
False
Is 6173045399 a composite number?
True
Is 319694033 prime?
False
Is 141852284801 a prime number?
True
Is 1525699013 prime?
False
Is 5143741507 prime?
True
Is 269095969 composite?
False
Is 3124093771 composite?
False
Is 185655031 composite?
False
Is 18018827719 composite?
False
Is 1409771017 composite?
True
Is 13263209 a prime number?
False
Is 162522935 a composite number?
True
Is 117496698119 composite?
True
Is 9554477 a prime number?
True
Is 2665265969 composite?
False
Is 44044057763 composite?
True
Is 1800449743 prime?
False
Is 1046382749 prime?
True
Is 10709143 a prime number?
False
Is 1190872303 a composite number?
False
Is 7536092407 a prime number?
False
Is 187462087899 a composite number?
True
Is 751162649 prime?
True
Is 15975830641 prime?
False
Is 63133972973 a composite number?
False
Is 161724785041 a prime number?
False
Is 18017276191 a composite number?
False
Is 1760421097 composite?
False
Is 14680181597 a prime number?
True
Is 96582711679 a prime number?
True
Is 716864087 a prime number?
False
Is 203081387 a composite number?
True
Is 5327762939 a prime number?
False
Is 10308857705 a composite number?
True
Is 3601861891 a composite number?
True
Is 757928099 composite?
False
Is 1023261823 prime?
False
Is 13397081273 a composite number?
False
Is 295959481 composite?
False
Is 710168747 a composite number?
True
Is 1362310571 a composite number?
False
Is 147903677 prime?
True
Is 703590821 a prime number?
False
Is 11028930083 composite?
False
Is 8837267951 a prime number?
True
Is 1857408929 prime?
True
Is 211460129 a prime number?
False
Is 8170726411 prime?
True
Is 259073137 a composite number?
True
Is 1111511481 a prime number?
False
Is 1154063279 prime?
True
Is 60909764739 a composite number?
True
Is 972818089 a prime number?
True
Is 798649813 prime?
False
Is 1285830209 composite?
False
Is 402426449 prime?
True
Is 1619352283 composite?
True
Is 203210191 a composite number?
False
Is 3468865121 a composite number?
False
Is 129650488663 composite?
False
Is 622683557 a prime number?
False
Is 6022201946 a prime number?
False
Is 13328519011 composite?
False
Is 16029740663 prime?
False
Is 6051574615 composite?
True
Is 2294436377 a composite number?
False
Is 350972231 a prime number?
True
Is 34419619753 prime?
True
Is 544664833 prime?
False
Is 2652803759 prime?
False
Is 28073055523 a prime number?
True
Is 15166980193 a composite number?
True
Is 796000913 a composite number?
False
Is 1826685781 prime?
True
Is 270931753 composite?
True
Is 144938911643 composite?
True
Is 2036301689 a prime number?
True
Is 325338347 a composite number?
False
Is 205174311179 a prime number?
True
Is 228187505507 prime?
False
Is 100041578797 prime?
True
Is 1104430105 a composite number?
True
Is 437299937 a composite number?
True
Is 91199971 composite?
True
Is 1000116769 prime?
True
Is 41713207 prime?
False
Is 764280953 prime?
True
Is 494780309 a composite number?
False
Is 263107519 prime?
True
Is 41518004041 a composite number?
True
Is 48985566041 composite?
False
Is 195323461 composite?
False
Is 1353081437 a prime number?
True
Is 28751868547 prime?
False
Is 2431394569 a prime number?
False
Is 108488621 a prime number?
False
Is 52364483467 prime?
True
Is 414875521 a prime number?
True
Is 438499787 a prime number?
False
Is 14093329493 prime?
True
Is 28134132746 composite?
True
Is 41874982649 a prime number?
True
Is 22772923 composite?
False
Is 8708955197 a composite number?
True
Is 137644571 prime?
False
Is 864702827 prime?
True
Is 772626037 prime?
True
Is 951569987 prime?
False
Is 14866307933 prime?
False
Is 5181008879 a prime number?
False
Is 5451536731 prime?
True
Is 3727408283 composite?
True
Is 750213899 composite?
False
Is 2002975939 a prime number?
False
Is 11889383453 a prime number?
True
Is 26802032713 a composite number?
True
Is 16853274883 a composite number?
False
Is 7398439721 a composite number?
False
Is 1122213767 composite?
True
Is 2308363253 composite?
True
Is 145355941 prime?
True
Is 241896737 composite?
True
Is 3242478643 a composite number?
True
Is 4306655473 a composite number?
False
Is 546388847 a prime number?
True
Is 2262773237 prime?
True
Is 5356917851 composite?
False
Is 34497462739 prime?
False
Is 3459467069 composite?
False
Is 8058775801 prime?
True
Is 22118036429 a prime number?
True
Is 535327181 composite?
True
Is 12107238521 composite?
True
Is 2421776941 composite?
False
Is 80205043 a composite number?
False
Is 35173105807 a prime number?
False
Is 160607141 prime?
True
Is 544367543 a prime number?
True
Is 2794011947 composite?
False
Is 830274253 a composite number?
False
Is 96455738417 prime?
False
Is 458833591 a prime number?
False
Is 2079025951 composite?
False
Is 66952461913 a prime number?
True
Is 2479039819 a composite number?
False
Is 57143018573 prime?
True
Is 2138125291 composite?
False
Is 543327221 composite?
True
Is 6061692719 composite?
True
Is 65776366949 composite?
True
Is 4030485499 a composite number?
False
Is 17935041647 a composite number?
False
Is 35055333721 composite?
True
Is 62972746243 composite?
True
Is 853957607 a prime number?
False
Is 5565616321 prime?
True
Is 22132621933 composite?
False
Is 83227778653 composite?
False
Is 300744923 prime?
True
Is 19546327601 prime?
True
Is 12229797247 composite?
False
Is 806308169 a prime number?
True
Is 16336551997 composite?
False
Is 1236453857 a prime number?
False
Is 27927567457 a prime number?
True
Is 99143703643 a composite number?
False
Is 10096029357 a prime number?
False
Is 24026429 prime?
False
Is 70556402305 prime?
False
Is 2591092259 a prime number?
False
Is 348739725913 a prime number?
True
Is 14292298487 composite?
True
Is 49259392753 a composite number?
False
Is 16829797223 a prime number?
True
Is 4909028351 a prime number?
False
Is 6578753989 composite?
False
Is 1311208105 composite?
True
Is 14075186561 composite?
False
Is 48018639397 a prime number?
True
Is 237112565 a composite number?
True
Is 278096486123 composite?
False
Is 825529151 composite?
True
Is 10954286423 composite?
False
Is 473223493 prime?
True
Is 5446739209 composite?
True
Is 1869734921 prime?
False
Is 3334024699 composite?
False
Is 2505185519 a prime number?
False
Is 931660841 prime?
False
Is 12787583993 composite?
False
Is 402641149 a prime number?
False
Is 93831877313 a composite number?
False
Is 1068350009 a prime number?
True
Is 17966787001 a composite number?
False
Is 640794227 a composite number?
False
Is 417298991 composite?
True
Is 29097753703 prime?
True
Is 106115859854 prime?
False
Is 15330384697 a prime number?
False
Is 41296159 prime?
True
Is 3555822643 a prime number?
True
Is 45628868329 a prime number?
False
Is 150356753 a prime number?
True
Is 29760309319 composite?
True
Is 10310206057 a composite number?
True
Is 138733195 prime?
False
Is 4387041013 a composite number?
True
Is 1566001493 a composite number?
True
Is 11409877253 a composite number?
False
Is 181544831669 composite?
False
Is 627992669 prime?
True
Is 15959724067 composite?
True
Is 104317891 composite?
False
Is 31935403 composite?
True
Is 2357492023 composite?
True
Is 1144562618 composite?
True
Is 81451192547 prime?
False
Is 1493391871 composite?
False
Is 3000054865 prime?
False
Is 7753500089 a prime number?
False
Is 16393047339 a composite number?
True
Is 557394403 prime?
False
Is 534553699 prime?
True
Is 158770961 a prime number?
False
Is 254986019 composite?
False
Is 1085846527 a composite number?
True
Is 174595763 a composite number?
True
Is 2536561843 a prime number?
True
Is 1762169677 a prime number?
False
Is 9410875339 a composite number?
True
Is 22136817191 a composite number?
False
Is 13221285283 a prime number?
True
Is 945961361 a composite number?
False
Is 19414316501 a composite number?
True
Is 3841600793 composite?
False
Is 4815343439 prime?
True
Is 15269170369 a composite number?
False
Is 12315343973 composite?
True
Is 353243383 composite?
True
Is 327638357 prime?
True
Is 621864937 a prime number?